{"id":1646,"date":"2020-10-15T07:42:09","date_gmt":"2020-10-15T07:42:10","guid":{"rendered":"https:\/\/vidbertus.com\/?post_type=product&#038;p=1646"},"modified":"2020-12-21T22:15:28","modified_gmt":"2020-12-21T22:15:28","slug":"elles","status":"publish","type":"product","link":"https:\/\/vidbertus.com\/es\/producto\/elles\/","title":{"rendered":"Elles"},"content":{"rendered":"<p>[vc_row el_class=\u00bbdescripcio-producto\u00bb][vc_column][vc_column_text el_class=\u00bbdescripcio-producte\u00bb]Vinos de Autor con singularidad propia.<\/p>\n<p class=\"_5RYuEA direction-ltr align-start para-style-body\"><span class=\"SS_gjA\">100% Garncha Blanca,\u00a0 variedad mediterr\u00e1nea por excelencia y de prestigio con reconocimiento creciente.<br \/>\nColor amarillo p\u00e1lido con tonalidades verdosas.<br \/>\nFermentado con barrica de roble franc\u00e9s y criado unos meses sobre las madres del vino, coupage con elaboraci\u00f3n tradicional de fermentaci\u00f3n en acero inoxidable.<\/span><\/p>\n<p>[\/vc_column_text][vc_empty_space]<a itemprop=\"url\" href=\"https:\/\/vidbertus.com\/wp-content\/uploads\/2020\/12\/Elles-Cast.pdf\" target=\"_blank\"  class=\"mkdf-btn mkdf-btn-small mkdf-btn-solid\"  >\n    <span class=\"mkdf-btn-text\">Ficha T\u00e9cnica<\/span>\n    <\/a>[\/vc_column][\/vc_row]<\/p>\n","protected":false},"excerpt":{"rendered":"<p>Variedad mediterr\u00e1nea por excelencia y de prestigio con reconocimiento creciente.<\/p>\n","protected":false},"featured_media":2039,"template":"","meta":[],"class_list":["post-1646","product","type-product","status-publish","has-post-thumbnail","hentry","product_cat-botellas-de-vino"],"yoast_head":"<!-- This site is optimized with the Yoast SEO plugin v19.11 - https:\/\/yoast.com\/wordpress\/plugins\/seo\/ -->\n<title>Elles - Celler VidBertus<\/title>\n<meta name=\"description\" content=\"Vi Elles . Descobreix aquest i d&#039;altres vins d&#039;autor del celler VidBertus. Vi catal\u00e0 amb DO Conca de Barber\u00e0.\" \/>\n<meta name=\"robots\" content=\"index, follow, max-snippet:-1, max-image-preview:large, max-video-preview:-1\" \/>\n<link rel=\"canonical\" href=\"https:\/\/vidbertus.com\/es\/producto\/elles\/\" \/>\n<meta property=\"og:locale\" content=\"es_ES\" \/>\n<meta property=\"og:type\" content=\"article\" \/>\n<meta property=\"og:title\" content=\"Elles - Celler VidBertus\" \/>\n<meta property=\"og:description\" content=\"Vi Elles . Descobreix aquest i d&#039;altres vins d&#039;autor del celler VidBertus. Vi catal\u00e0 amb DO Conca de Barber\u00e0.\" \/>\n<meta property=\"og:url\" content=\"https:\/\/vidbertus.com\/es\/producto\/elles\/\" \/>\n<meta property=\"og:site_name\" content=\"Celler VidBertus\" \/>\n<meta property=\"article:modified_time\" content=\"2020-12-21T22:15:28+00:00\" \/>\n<meta property=\"og:image\" content=\"https:\/\/vidbertus.com\/wp-content\/uploads\/2020\/10\/botella-elles.jpg\" \/>\n\t<meta property=\"og:image:width\" content=\"600\" \/>\n\t<meta property=\"og:image:height\" content=\"900\" \/>\n\t<meta property=\"og:image:type\" content=\"image\/jpeg\" \/>\n<meta name=\"twitter:card\" content=\"summary_large_image\" \/>\n<meta name=\"twitter:label1\" content=\"Tiempo de lectura\" \/>\n\t<meta name=\"twitter:data1\" content=\"1 minuto\" \/>\n<script type=\"application\/ld+json\" class=\"yoast-schema-graph\">{\"@context\":\"https:\/\/schema.org\",\"@graph\":[{\"@type\":\"WebPage\",\"@id\":\"https:\/\/vidbertus.com\/es\/producto\/elles\/\",\"url\":\"https:\/\/vidbertus.com\/es\/producto\/elles\/\",\"name\":\"Elles - Celler VidBertus\",\"isPartOf\":{\"@id\":\"https:\/\/vidbertus.com\/ca\/#website\"},\"datePublished\":\"2020-10-15T07:42:10+00:00\",\"dateModified\":\"2020-12-21T22:15:28+00:00\",\"description\":\"Vi Elles . Descobreix aquest i d'altres vins d'autor del celler VidBertus. Vi catal\u00e0 amb DO Conca de Barber\u00e0.\",\"breadcrumb\":{\"@id\":\"https:\/\/vidbertus.com\/es\/producto\/elles\/#breadcrumb\"},\"inLanguage\":\"es\",\"potentialAction\":[{\"@type\":\"ReadAction\",\"target\":[\"https:\/\/vidbertus.com\/es\/producto\/elles\/\"]}]},{\"@type\":\"BreadcrumbList\",\"@id\":\"https:\/\/vidbertus.com\/es\/producto\/elles\/#breadcrumb\",\"itemListElement\":[{\"@type\":\"ListItem\",\"position\":1,\"name\":\"Inici\",\"item\":\"https:\/\/vidbertus.com\/es\/\"},{\"@type\":\"ListItem\",\"position\":2,\"name\":\"Tienda de vinos\",\"item\":\"https:\/\/vidbertus.com\/es\/tienda-de-vinos\/\"},{\"@type\":\"ListItem\",\"position\":3,\"name\":\"Elles\"}]},{\"@type\":\"WebSite\",\"@id\":\"https:\/\/vidbertus.com\/ca\/#website\",\"url\":\"https:\/\/vidbertus.com\/ca\/\",\"name\":\"Celler VidBertus\",\"description\":\"Trepat de la DO Conca de Barbera - Celler VidBertus\",\"publisher\":{\"@id\":\"https:\/\/vidbertus.com\/ca\/#organization\"},\"potentialAction\":[{\"@type\":\"SearchAction\",\"target\":{\"@type\":\"EntryPoint\",\"urlTemplate\":\"https:\/\/vidbertus.com\/ca\/?s={search_term_string}\"},\"query-input\":\"required name=search_term_string\"}],\"inLanguage\":\"es\"},{\"@type\":\"Organization\",\"@id\":\"https:\/\/vidbertus.com\/ca\/#organization\",\"name\":\"VidBertus\",\"url\":\"https:\/\/vidbertus.com\/ca\/\",\"logo\":{\"@type\":\"ImageObject\",\"inLanguage\":\"es\",\"@id\":\"https:\/\/vidbertus.com\/ca\/#\/schema\/logo\/image\/\",\"url\":\"https:\/\/vidbertus.com\/wp-content\/uploads\/2019\/12\/favicon-vidbertus-04.png\",\"contentUrl\":\"https:\/\/vidbertus.com\/wp-content\/uploads\/2019\/12\/favicon-vidbertus-04.png\",\"width\":512,\"height\":512,\"caption\":\"VidBertus\"},\"image\":{\"@id\":\"https:\/\/vidbertus.com\/ca\/#\/schema\/logo\/image\/\"}}]}<\/script>\n<!-- \/ Yoast SEO plugin. -->","yoast_head_json":{"title":"Elles - Celler VidBertus","description":"Vi Elles . Descobreix aquest i d'altres vins d'autor del celler VidBertus. Vi catal\u00e0 amb DO Conca de Barber\u00e0.","robots":{"index":"index","follow":"follow","max-snippet":"max-snippet:-1","max-image-preview":"max-image-preview:large","max-video-preview":"max-video-preview:-1"},"canonical":"https:\/\/vidbertus.com\/es\/producto\/elles\/","og_locale":"es_ES","og_type":"article","og_title":"Elles - Celler VidBertus","og_description":"Vi Elles . Descobreix aquest i d'altres vins d'autor del celler VidBertus. Vi catal\u00e0 amb DO Conca de Barber\u00e0.","og_url":"https:\/\/vidbertus.com\/es\/producto\/elles\/","og_site_name":"Celler VidBertus","article_modified_time":"2020-12-21T22:15:28+00:00","og_image":[{"width":600,"height":900,"url":"https:\/\/vidbertus.com\/wp-content\/uploads\/2020\/10\/botella-elles.jpg","type":"image\/jpeg"}],"twitter_card":"summary_large_image","twitter_misc":{"Tiempo de lectura":"1 minuto"},"schema":{"@context":"https:\/\/schema.org","@graph":[{"@type":"WebPage","@id":"https:\/\/vidbertus.com\/es\/producto\/elles\/","url":"https:\/\/vidbertus.com\/es\/producto\/elles\/","name":"Elles - Celler VidBertus","isPartOf":{"@id":"https:\/\/vidbertus.com\/ca\/#website"},"datePublished":"2020-10-15T07:42:10+00:00","dateModified":"2020-12-21T22:15:28+00:00","description":"Vi Elles . Descobreix aquest i d'altres vins d'autor del celler VidBertus. Vi catal\u00e0 amb DO Conca de Barber\u00e0.","breadcrumb":{"@id":"https:\/\/vidbertus.com\/es\/producto\/elles\/#breadcrumb"},"inLanguage":"es","potentialAction":[{"@type":"ReadAction","target":["https:\/\/vidbertus.com\/es\/producto\/elles\/"]}]},{"@type":"BreadcrumbList","@id":"https:\/\/vidbertus.com\/es\/producto\/elles\/#breadcrumb","itemListElement":[{"@type":"ListItem","position":1,"name":"Inici","item":"https:\/\/vidbertus.com\/es\/"},{"@type":"ListItem","position":2,"name":"Tienda de vinos","item":"https:\/\/vidbertus.com\/es\/tienda-de-vinos\/"},{"@type":"ListItem","position":3,"name":"Elles"}]},{"@type":"WebSite","@id":"https:\/\/vidbertus.com\/ca\/#website","url":"https:\/\/vidbertus.com\/ca\/","name":"Celler VidBertus","description":"Trepat de la DO Conca de Barbera - Celler VidBertus","publisher":{"@id":"https:\/\/vidbertus.com\/ca\/#organization"},"potentialAction":[{"@type":"SearchAction","target":{"@type":"EntryPoint","urlTemplate":"https:\/\/vidbertus.com\/ca\/?s={search_term_string}"},"query-input":"required name=search_term_string"}],"inLanguage":"es"},{"@type":"Organization","@id":"https:\/\/vidbertus.com\/ca\/#organization","name":"VidBertus","url":"https:\/\/vidbertus.com\/ca\/","logo":{"@type":"ImageObject","inLanguage":"es","@id":"https:\/\/vidbertus.com\/ca\/#\/schema\/logo\/image\/","url":"https:\/\/vidbertus.com\/wp-content\/uploads\/2019\/12\/favicon-vidbertus-04.png","contentUrl":"https:\/\/vidbertus.com\/wp-content\/uploads\/2019\/12\/favicon-vidbertus-04.png","width":512,"height":512,"caption":"VidBertus"},"image":{"@id":"https:\/\/vidbertus.com\/ca\/#\/schema\/logo\/image\/"}}]}},"_links":{"self":[{"href":"https:\/\/vidbertus.com\/es\/wp-json\/wp\/v2\/product\/1646"}],"collection":[{"href":"https:\/\/vidbertus.com\/es\/wp-json\/wp\/v2\/product"}],"about":[{"href":"https:\/\/vidbertus.com\/es\/wp-json\/wp\/v2\/types\/product"}],"wp:featuredmedia":[{"embeddable":true,"href":"https:\/\/vidbertus.com\/es\/wp-json\/wp\/v2\/media\/2039"}],"wp:attachment":[{"href":"https:\/\/vidbertus.com\/es\/wp-json\/wp\/v2\/media?parent=1646"}],"curies":[{"name":"wp","href":"https:\/\/api.w.org\/{rel}","templated":true}]}}

<p>[vc_row el_class=»descripcio-producto»][vc_column][vc_column_text el_class=»descripcio-producte»]Vinos de Autor con singularidad propia.</p>
<p class="_5RYuEA direction-ltr align-start para-style-body"><span class="SS_gjA">100% Garncha Blanca,  variedad mediterránea por excelencia y de prestigio con reconocimiento creciente.<br />
Color amarillo pálido con tonalidades verdosas.<br />
Fermentado con barrica de roble francés y criado unos meses sobre las madres del vino, coupage con elaboración tradicional de fermentación en acero inoxidable.</span></p>
<p>[/vc_column_text][vc_empty_space]<a itemprop="url" href="https://vidbertus.com/wp-content/uploads/2020/12/Elles-Cast.pdf" target="_blank"  class="mkdf-btn mkdf-btn-small mkdf-btn-solid"  >
    <span class="mkdf-btn-text">Ficha Técnica</span>
    </a>[/vc_column][/vc_row]</p>

<p>Variedad mediterránea por excelencia y de prestigio con reconocimiento creciente.</p>

<!-- This site is optimized with the Yoast SEO plugin v19.11 - https://yoast.com/wordpress/plugins/seo/ -->
<title>Elles - Celler VidBertus</title>
<meta name="description" content="Vi Elles . Descobreix aquest i d&#039;altres vins d&#039;autor del celler VidBertus. Vi català amb DO Conca de Barberà." />
<meta name="robots" content="index, follow, max-snippet:-1, max-image-preview:large, max-video-preview:-1" />
<link rel="canonical" href="https://vidbertus.com/es/producto/elles/" />
<meta property="og:locale" content="es_ES" />
<meta property="og:type" content="article" />
<meta property="og:title" content="Elles - Celler VidBertus" />
<meta property="og:description" content="Vi Elles . Descobreix aquest i d&#039;altres vins d&#039;autor del celler VidBertus. Vi català amb DO Conca de Barberà." />
<meta property="og:url" content="https://vidbertus.com/es/producto/elles/" />
<meta property="og:site_name" content="Celler VidBertus" />
<meta property="article:modified_time" content="2020-12-21T22:15:28+00:00" />
<meta property="og:image" content="https://vidbertus.com/wp-content/uploads/2020/10/botella-elles.jpg" />
	<meta property="og:image:width" content="600" />
	<meta property="og:image:height" content="900" />
	<meta property="og:image:type" content="image/jpeg" />
<meta name="twitter:card" content="summary_large_image" />
<meta name="twitter:label1" content="Tiempo de lectura" />
	<meta name="twitter:data1" content="1 minuto" />
<script type="application/ld+json" class="yoast-schema-graph">{"@context":"https://schema.org","@graph":[{"@type":"WebPage","@id":"https://vidbertus.com/es/producto/elles/","url":"https://vidbertus.com/es/producto/elles/","name":"Elles - Celler VidBertus","isPartOf":{"@id":"https://vidbertus.com/ca/#website"},"datePublished":"2020-10-15T07:42:10+00:00","dateModified":"2020-12-21T22:15:28+00:00","description":"Vi Elles . Descobreix aquest i d'altres vins d'autor del celler VidBertus. Vi català amb DO Conca de Barberà.","breadcrumb":{"@id":"https://vidbertus.com/es/producto/elles/#breadcrumb"},"inLanguage":"es","potentialAction":[{"@type":"ReadAction","target":["https://vidbertus.com/es/producto/elles/"]}]},{"@type":"BreadcrumbList","@id":"https://vidbertus.com/es/producto/elles/#breadcrumb","itemListElement":[{"@type":"ListItem","position":1,"name":"Inici","item":"https://vidbertus.com/es/"},{"@type":"ListItem","position":2,"name":"Tienda de vinos","item":"https://vidbertus.com/es/tienda-de-vinos/"},{"@type":"ListItem","position":3,"name":"Elles"}]},{"@type":"WebSite","@id":"https://vidbertus.com/ca/#website","url":"https://vidbertus.com/ca/","name":"Celler VidBertus","description":"Trepat de la DO Conca de Barbera - Celler VidBertus","publisher":{"@id":"https://vidbertus.com/ca/#organization"},"potentialAction":[{"@type":"SearchAction","target":{"@type":"EntryPoint","urlTemplate":"https://vidbertus.com/ca/?s={search_term_string}"},"query-input":"required name=search_term_string"}],"inLanguage":"es"},{"@type":"Organization","@id":"https://vidbertus.com/ca/#organization","name":"VidBertus","url":"https://vidbertus.com/ca/","logo":{"@type":"ImageObject","inLanguage":"es","@id":"https://vidbertus.com/ca/#/schema/logo/image/","url":"https://vidbertus.com/wp-content/uploads/2019/12/favicon-vidbertus-04.png","contentUrl":"https://vidbertus.com/wp-content/uploads/2019/12/favicon-vidbertus-04.png","width":512,"height":512,"caption":"VidBertus"},"image":{"@id":"https://vidbertus.com/ca/#/schema/logo/image/"}}]}</script>
<!-- / Yoast SEO plugin. -->

Vi Elles . Descobreix aquest i d'altres vins d'autor del celler VidBertus. Vi català amb DO Conca de Barberà.
