{"id":1309,"date":"2019-04-02T09:34:24","date_gmt":"2019-04-02T09:34:24","guid":{"rendered":"https:\/\/vidbertus.com\/enoturisme-catalunya\/"},"modified":"2022-11-08T18:05:54","modified_gmt":"2022-11-08T17:05:54","slug":"enoturismo-catalunya","status":"publish","type":"page","link":"https:\/\/vidbertus.com\/es\/enoturismo-catalunya\/","title":{"rendered":"Enoturismo"},"content":{"rendered":"<p>[vc_section][vc_row][vc_column][vc_column_text el_class=\u00bbtext-enoturisme-informatiu\u00bb]<em>Descubre lo que \u00abCeller Vidbertus\u00bb tiene reservado para ti con las visitas de enoturismo. Una selecci\u00f3n de productos de alta calidad y exclusividad para que disfrutes de un momento apasionado. Vinos \u00fanicos, elaborados con el m\u00e1ximo rigor y sensibilidad.<\/em><\/p>\n<p><strong>Las visitas en las bodegas, ubicadas en la Conca de Barber\u00e0,\u00a0 se realizan con reserva previa. <\/strong>[\/vc_column_text][\/vc_column][\/vc_row][vc_row][vc_column][vc_empty_space height=\u00bb40px\u00bb][\/vc_column][\/vc_row][vc_row el_class=\u00bbrow-enoturisme-home row-enoturisme\u00bb][vc_column]<div class=\"mkdf-pricing-tables mkdf-grid-list mkdf-disable-bottom-space clearfix mkdf-two-columns mkdf-normal-space\"><div class=\"mkdf-pt-wrapper mkdf-outer-space\"><div class=\"mkdf-price-table mkdf-item-space  \">\n\t<div class=\"mkdf-pt-inner\" >\n\t\t<ul>\n\t\t\t<li class=\"mkdf-pt-title-holder\" >\n\t\t\t\t<span class=\"mkdf-pt-title\" >Visita a la bodega<\/span>\n\t\t\t<\/li>\n\t\t\t<li class=\"mkdf-pt-prices\">\n\t\t\t\t<sup class=\"mkdf-pt-value\" >\u20ac<\/sup>\n\t\t\t\t<span class=\"mkdf-pt-price\" >15<\/span>\n\t\t\t\t<p class=\"mkdf-pt-mark\" >monthly<\/p>\n\t\t\t<\/li>\n\t\t\t<li class=\"mkdf-pt-content\">\n\t\t\t\t\n<ul>\n<li>Visita a la bodega<\/li>\n<li>Cata de 3 vinos<\/li>\n<li>M\u00ednimo 2 personas<\/li>\n<li>Reserva con 2 d\u00edas de antelaci\u00f3n<\/li>\n<\/ul>\n\t\t\t<\/li>\n\t\t\t\t\t\t\t<li class=\"mkdf-pt-button\">\n\t\t\t\t\t<a itemprop=\"url\" href=\"https:\/\/vidbertus.com\/es\/producto\/visita-a-la-bodega\/\" target=\"_self\"  class=\"mkdf-btn mkdf-btn-large mkdf-btn-solid\"  >    <span class=\"mkdf-btn-text\">Reserva<\/span>    <\/a>\t\t\t\t<\/li>\t\t\t\t\n\t\t\t\t\t<\/ul>\n\t<\/div>\n<\/div><div class=\"mkdf-price-table mkdf-item-space  \">\n\t<div class=\"mkdf-pt-inner\" >\n\t\t<ul>\n\t\t\t<li class=\"mkdf-pt-title-holder\" >\n\t\t\t\t<span class=\"mkdf-pt-title\" >Desayuno Maridaje<\/span>\n\t\t\t<\/li>\n\t\t\t<li class=\"mkdf-pt-prices\">\n\t\t\t\t<sup class=\"mkdf-pt-value\" >\u20ac<\/sup>\n\t\t\t\t<span class=\"mkdf-pt-price\" >25<\/span>\n\t\t\t\t<p class=\"mkdf-pt-mark\" >monthly<\/p>\n\t\t\t<\/li>\n\t\t\t<li class=\"mkdf-pt-content\">\n\t\t\t\t\n<ul>\n<li>Desayuno maridaje en la Bodega de 1890 con productos gastron\u00f3micos de la zona: pan de pay\u00e9s con tomate, butifarra blanca y negra, longaniza seca, queso, aceitunas y almendras.<\/li>\n<li>Dilluns a Diumenge a les 10:00h<\/li>\n<li>Hay que concretar disponibilidad<\/li>\n<li>Desayuno maridaje m\u00ednimo 4 personas<\/li>\n<\/ul>\n\t\t\t<\/li>\n\t\t\t\t\t\t\t<li class=\"mkdf-pt-button\">\n\t\t\t\t\t<a itemprop=\"url\" href=\"https:\/\/vidbertus.com\/es\/producto\/desayuno-maridaje\/\" target=\"_self\"  class=\"mkdf-btn mkdf-btn-large mkdf-btn-solid\"  >    <span class=\"mkdf-btn-text\">Reserva<\/span>    <\/a>\t\t\t\t<\/li>\t\t\t\t\n\t\t\t\t\t<\/ul>\n\t<\/div>\n<\/div><div class=\"mkdf-price-table mkdf-item-space  \">\n\t<div class=\"mkdf-pt-inner\" >\n\t\t<ul>\n\t\t\t<li class=\"mkdf-pt-title-holder\" >\n\t\t\t\t<span class=\"mkdf-pt-title\" >Visita a los vi\u00f1edos<\/span>\n\t\t\t<\/li>\n\t\t\t<li class=\"mkdf-pt-prices\">\n\t\t\t\t<sup class=\"mkdf-pt-value\" >\u20ac<\/sup>\n\t\t\t\t<span class=\"mkdf-pt-price\" >50<\/span>\n\t\t\t\t<p class=\"mkdf-pt-mark\" >monthly<\/p>\n\t\t\t<\/li>\n\t\t\t<li class=\"mkdf-pt-content\">\n\t\t\t\t\n<ul>\n<li>Ruta en 4&#215;4 por los vi\u00f1edos<\/li>\n<li>Visita a la Bodega i cata de 4 vinos.<\/li>\n<li>M\u00ednimo 2 personas<\/li>\n<li>Reserva con 2 d\u00edas de antelaci\u00f3n<\/li>\n<\/ul>\n\t\t\t<\/li>\n\t\t\t\t\t\t\t<li class=\"mkdf-pt-button\">\n\t\t\t\t\t<a itemprop=\"url\" href=\"https:\/\/vidbertus.com\/es\/producto\/visita-los-vinedos\/\" target=\"_self\"  class=\"mkdf-btn mkdf-btn-large mkdf-btn-solid\"  >    <span class=\"mkdf-btn-text\">Reserva<\/span>    <\/a>\t\t\t\t<\/li>\t\t\t\t\n\t\t\t\t\t<\/ul>\n\t<\/div>\n<\/div><\/div><\/div>[\/vc_column][\/vc_row][vc_row][vc_column][vc_empty_space height=\u00bb15px\u00bb][\/vc_column][\/vc_row][vc_row][vc_column][vc_custom_heading text=\u00bbDisfruta de las experiencias de\u00bb font_container=\u00bbtag:h3|text_align:center\u00bb use_theme_fonts=\u00bbyes\u00bb][vc_single_image image=\u00bb113&#8243; img_size=\u00bb\u00bb alignment=\u00bbcenter\u00bb css_animation=\u00bbfadeIn\u00bb][\/vc_column][\/vc_row][vc_row][vc_column][vc_empty_space height=\u00bb15px\u00bb][\/vc_column][\/vc_row][\/vc_section]<\/p>\n","protected":false},"excerpt":{"rendered":"<p>[vc_section][vc_row][vc_column][vc_column_text el_class=\u00bbtext-enoturisme-informatiu\u00bb]Descubre lo que \u00abCeller Vidbertus\u00bb tiene reservado para ti con las visitas de enoturismo. Una selecci\u00f3n de productos de alta calidad y exclusividad para que disfrutes de un momento apasionado. Vinos \u00fanicos, elaborados con el m\u00e1ximo rigor y sensibilidad. [&hellip;]<\/p>\n","protected":false},"author":1,"featured_media":0,"parent":0,"menu_order":0,"comment_status":"closed","ping_status":"closed","template":"","meta":{"footnotes":""},"class_list":["post-1309","page","type-page","status-publish","hentry"],"yoast_head":"<!-- This site is optimized with the Yoast SEO plugin v19.11 - https:\/\/yoast.com\/wordpress\/plugins\/seo\/ -->\n<title>Celler VidBertus , Enoturismo en la Conca de Barber\u00e0<\/title>\n<meta name=\"description\" content=\"En el &quot;Celler Vidbertus&quot; ofrecemos una experiencia familiar y \u00fanica de enoturismo en Catalu\u00f1a para mostrar la elaboraci\u00f3n de nuestros vinos.\" \/>\n<meta name=\"robots\" content=\"index, follow, max-snippet:-1, max-image-preview:large, max-video-preview:-1\" \/>\n<link rel=\"canonical\" href=\"https:\/\/vidbertus.com\/es\/enoturismo-catalunya\/\" \/>\n<meta property=\"og:locale\" content=\"es_ES\" \/>\n<meta property=\"og:type\" content=\"article\" \/>\n<meta property=\"og:title\" content=\"Celler VidBertus , Enoturismo en la Conca de Barber\u00e0\" \/>\n<meta property=\"og:description\" content=\"En el &quot;Celler Vidbertus&quot; ofrecemos una experiencia familiar y \u00fanica de enoturismo en Catalu\u00f1a para mostrar la elaboraci\u00f3n de nuestros vinos.\" \/>\n<meta property=\"og:url\" content=\"https:\/\/vidbertus.com\/es\/enoturismo-catalunya\/\" \/>\n<meta property=\"og:site_name\" content=\"Celler VidBertus\" \/>\n<meta property=\"article:modified_time\" content=\"2022-11-08T17:05:54+00:00\" \/>\n<meta name=\"twitter:card\" content=\"summary_large_image\" \/>\n<meta name=\"twitter:label1\" content=\"Tiempo de lectura\" \/>\n\t<meta name=\"twitter:data1\" content=\"1 minuto\" \/>\n<script type=\"application\/ld+json\" class=\"yoast-schema-graph\">{\"@context\":\"https:\/\/schema.org\",\"@graph\":[{\"@type\":\"WebPage\",\"@id\":\"https:\/\/vidbertus.com\/es\/enoturismo-catalunya\/\",\"url\":\"https:\/\/vidbertus.com\/es\/enoturismo-catalunya\/\",\"name\":\"Celler VidBertus , Enoturismo en la Conca de Barber\u00e0\",\"isPartOf\":{\"@id\":\"https:\/\/vidbertus.com\/ca\/#website\"},\"datePublished\":\"2019-04-02T09:34:24+00:00\",\"dateModified\":\"2022-11-08T17:05:54+00:00\",\"description\":\"En el \\\"Celler Vidbertus\\\" ofrecemos una experiencia familiar y \u00fanica de enoturismo en Catalu\u00f1a para mostrar la elaboraci\u00f3n de nuestros vinos.\",\"breadcrumb\":{\"@id\":\"https:\/\/vidbertus.com\/es\/enoturismo-catalunya\/#breadcrumb\"},\"inLanguage\":\"es\",\"potentialAction\":[{\"@type\":\"ReadAction\",\"target\":[\"https:\/\/vidbertus.com\/es\/enoturismo-catalunya\/\"]}]},{\"@type\":\"BreadcrumbList\",\"@id\":\"https:\/\/vidbertus.com\/es\/enoturismo-catalunya\/#breadcrumb\",\"itemListElement\":[{\"@type\":\"ListItem\",\"position\":1,\"name\":\"Inici\",\"item\":\"https:\/\/vidbertus.com\/es\/\"},{\"@type\":\"ListItem\",\"position\":2,\"name\":\"Enoturismo\"}]},{\"@type\":\"WebSite\",\"@id\":\"https:\/\/vidbertus.com\/ca\/#website\",\"url\":\"https:\/\/vidbertus.com\/ca\/\",\"name\":\"Celler VidBertus\",\"description\":\"Trepat de la DO Conca de Barbera - Celler VidBertus\",\"publisher\":{\"@id\":\"https:\/\/vidbertus.com\/ca\/#organization\"},\"potentialAction\":[{\"@type\":\"SearchAction\",\"target\":{\"@type\":\"EntryPoint\",\"urlTemplate\":\"https:\/\/vidbertus.com\/ca\/?s={search_term_string}\"},\"query-input\":\"required name=search_term_string\"}],\"inLanguage\":\"es\"},{\"@type\":\"Organization\",\"@id\":\"https:\/\/vidbertus.com\/ca\/#organization\",\"name\":\"VidBertus\",\"url\":\"https:\/\/vidbertus.com\/ca\/\",\"logo\":{\"@type\":\"ImageObject\",\"inLanguage\":\"es\",\"@id\":\"https:\/\/vidbertus.com\/ca\/#\/schema\/logo\/image\/\",\"url\":\"https:\/\/vidbertus.com\/wp-content\/uploads\/2019\/12\/favicon-vidbertus-04.png\",\"contentUrl\":\"https:\/\/vidbertus.com\/wp-content\/uploads\/2019\/12\/favicon-vidbertus-04.png\",\"width\":512,\"height\":512,\"caption\":\"VidBertus\"},\"image\":{\"@id\":\"https:\/\/vidbertus.com\/ca\/#\/schema\/logo\/image\/\"}}]}<\/script>\n<!-- \/ Yoast SEO plugin. -->","yoast_head_json":{"title":"Celler VidBertus , Enoturismo en la Conca de Barber\u00e0","description":"En el \"Celler Vidbertus\" ofrecemos una experiencia familiar y \u00fanica de enoturismo en Catalu\u00f1a para mostrar la elaboraci\u00f3n de nuestros vinos.","robots":{"index":"index","follow":"follow","max-snippet":"max-snippet:-1","max-image-preview":"max-image-preview:large","max-video-preview":"max-video-preview:-1"},"canonical":"https:\/\/vidbertus.com\/es\/enoturismo-catalunya\/","og_locale":"es_ES","og_type":"article","og_title":"Celler VidBertus , Enoturismo en la Conca de Barber\u00e0","og_description":"En el \"Celler Vidbertus\" ofrecemos una experiencia familiar y \u00fanica de enoturismo en Catalu\u00f1a para mostrar la elaboraci\u00f3n de nuestros vinos.","og_url":"https:\/\/vidbertus.com\/es\/enoturismo-catalunya\/","og_site_name":"Celler VidBertus","article_modified_time":"2022-11-08T17:05:54+00:00","twitter_card":"summary_large_image","twitter_misc":{"Tiempo de lectura":"1 minuto"},"schema":{"@context":"https:\/\/schema.org","@graph":[{"@type":"WebPage","@id":"https:\/\/vidbertus.com\/es\/enoturismo-catalunya\/","url":"https:\/\/vidbertus.com\/es\/enoturismo-catalunya\/","name":"Celler VidBertus , Enoturismo en la Conca de Barber\u00e0","isPartOf":{"@id":"https:\/\/vidbertus.com\/ca\/#website"},"datePublished":"2019-04-02T09:34:24+00:00","dateModified":"2022-11-08T17:05:54+00:00","description":"En el \"Celler Vidbertus\" ofrecemos una experiencia familiar y \u00fanica de enoturismo en Catalu\u00f1a para mostrar la elaboraci\u00f3n de nuestros vinos.","breadcrumb":{"@id":"https:\/\/vidbertus.com\/es\/enoturismo-catalunya\/#breadcrumb"},"inLanguage":"es","potentialAction":[{"@type":"ReadAction","target":["https:\/\/vidbertus.com\/es\/enoturismo-catalunya\/"]}]},{"@type":"BreadcrumbList","@id":"https:\/\/vidbertus.com\/es\/enoturismo-catalunya\/#breadcrumb","itemListElement":[{"@type":"ListItem","position":1,"name":"Inici","item":"https:\/\/vidbertus.com\/es\/"},{"@type":"ListItem","position":2,"name":"Enoturismo"}]},{"@type":"WebSite","@id":"https:\/\/vidbertus.com\/ca\/#website","url":"https:\/\/vidbertus.com\/ca\/","name":"Celler VidBertus","description":"Trepat de la DO Conca de Barbera - Celler VidBertus","publisher":{"@id":"https:\/\/vidbertus.com\/ca\/#organization"},"potentialAction":[{"@type":"SearchAction","target":{"@type":"EntryPoint","urlTemplate":"https:\/\/vidbertus.com\/ca\/?s={search_term_string}"},"query-input":"required name=search_term_string"}],"inLanguage":"es"},{"@type":"Organization","@id":"https:\/\/vidbertus.com\/ca\/#organization","name":"VidBertus","url":"https:\/\/vidbertus.com\/ca\/","logo":{"@type":"ImageObject","inLanguage":"es","@id":"https:\/\/vidbertus.com\/ca\/#\/schema\/logo\/image\/","url":"https:\/\/vidbertus.com\/wp-content\/uploads\/2019\/12\/favicon-vidbertus-04.png","contentUrl":"https:\/\/vidbertus.com\/wp-content\/uploads\/2019\/12\/favicon-vidbertus-04.png","width":512,"height":512,"caption":"VidBertus"},"image":{"@id":"https:\/\/vidbertus.com\/ca\/#\/schema\/logo\/image\/"}}]}},"_links":{"self":[{"href":"https:\/\/vidbertus.com\/es\/wp-json\/wp\/v2\/pages\/1309"}],"collection":[{"href":"https:\/\/vidbertus.com\/es\/wp-json\/wp\/v2\/pages"}],"about":[{"href":"https:\/\/vidbertus.com\/es\/wp-json\/wp\/v2\/types\/page"}],"author":[{"embeddable":true,"href":"https:\/\/vidbertus.com\/es\/wp-json\/wp\/v2\/users\/1"}],"replies":[{"embeddable":true,"href":"https:\/\/vidbertus.com\/es\/wp-json\/wp\/v2\/comments?post=1309"}],"version-history":[{"count":6,"href":"https:\/\/vidbertus.com\/es\/wp-json\/wp\/v2\/pages\/1309\/revisions"}],"predecessor-version":[{"id":1976,"href":"https:\/\/vidbertus.com\/es\/wp-json\/wp\/v2\/pages\/1309\/revisions\/1976"}],"wp:attachment":[{"href":"https:\/\/vidbertus.com\/es\/wp-json\/wp\/v2\/media?parent=1309"}],"curies":[{"name":"wp","href":"https:\/\/api.w.org\/{rel}","templated":true}]}}

<p>[vc_section][vc_row][vc_column][vc_column_text el_class=»text-enoturisme-informatiu»]<em>Descubre lo que «Celler Vidbertus» tiene reservado para ti con las visitas de enoturismo. Una selección de productos de alta calidad y exclusividad para que disfrutes de un momento apasionado. Vinos únicos, elaborados con el máximo rigor y sensibilidad.</em></p>
<p><strong>Las visitas en las bodegas, ubicadas en la Conca de Barberà,  se realizan con reserva previa. </strong>[/vc_column_text][/vc_column][/vc_row][vc_row][vc_column][vc_empty_space height=»40px»][/vc_column][/vc_row][vc_row el_class=»row-enoturisme-home row-enoturisme»][vc_column]<div class="mkdf-pricing-tables mkdf-grid-list mkdf-disable-bottom-space clearfix mkdf-two-columns mkdf-normal-space"><div class="mkdf-pt-wrapper mkdf-outer-space"><div class="mkdf-price-table mkdf-item-space  ">
	<div class="mkdf-pt-inner" >
		<ul>
			<li class="mkdf-pt-title-holder" >
				<span class="mkdf-pt-title" >Visita a la bodega</span>
			</li>
			<li class="mkdf-pt-prices">
				<sup class="mkdf-pt-value" >€</sup>
				<span class="mkdf-pt-price" >15</span>
				<p class="mkdf-pt-mark" >monthly</p>
			</li>
			<li class="mkdf-pt-content">
				
<ul>
<li>Visita a la bodega</li>
<li>Cata de 3 vinos</li>
<li>Mínimo 2 personas</li>
<li>Reserva con 2 días de antelación</li>
</ul>
			</li>
							<li class="mkdf-pt-button">
					<a itemprop="url" href="https://vidbertus.com/es/producto/visita-a-la-bodega/" target="_self"  class="mkdf-btn mkdf-btn-large mkdf-btn-solid"  >    <span class="mkdf-btn-text">Reserva</span>    </a>				</li>				
					</ul>
	</div>
</div><div class="mkdf-price-table mkdf-item-space  ">
	<div class="mkdf-pt-inner" >
		<ul>
			<li class="mkdf-pt-title-holder" >
				<span class="mkdf-pt-title" >Desayuno Maridaje</span>
			</li>
			<li class="mkdf-pt-prices">
				<sup class="mkdf-pt-value" >€</sup>
				<span class="mkdf-pt-price" >25</span>
				<p class="mkdf-pt-mark" >monthly</p>
			</li>
			<li class="mkdf-pt-content">
				
<ul>
<li>Desayuno maridaje en la Bodega de 1890 con productos gastronómicos de la zona: pan de payés con tomate, butifarra blanca y negra, longaniza seca, queso, aceitunas y almendras.</li>
<li>Dilluns a Diumenge a les 10:00h</li>
<li>Hay que concretar disponibilidad</li>
<li>Desayuno maridaje mínimo 4 personas</li>
</ul>
			</li>
							<li class="mkdf-pt-button">
					<a itemprop="url" href="https://vidbertus.com/es/producto/desayuno-maridaje/" target="_self"  class="mkdf-btn mkdf-btn-large mkdf-btn-solid"  >    <span class="mkdf-btn-text">Reserva</span>    </a>				</li>				
					</ul>
	</div>
</div><div class="mkdf-price-table mkdf-item-space  ">
	<div class="mkdf-pt-inner" >
		<ul>
			<li class="mkdf-pt-title-holder" >
				<span class="mkdf-pt-title" >Visita a los viñedos</span>
			</li>
			<li class="mkdf-pt-prices">
				<sup class="mkdf-pt-value" >€</sup>
				<span class="mkdf-pt-price" >50</span>
				<p class="mkdf-pt-mark" >monthly</p>
			</li>
			<li class="mkdf-pt-content">
				
<ul>
<li>Ruta en 4&#215;4 por los viñedos</li>
<li>Visita a la Bodega i cata de 4 vinos.</li>
<li>Mínimo 2 personas</li>
<li>Reserva con 2 días de antelación</li>
</ul>
			</li>
							<li class="mkdf-pt-button">
					<a itemprop="url" href="https://vidbertus.com/es/producto/visita-los-vinedos/" target="_self"  class="mkdf-btn mkdf-btn-large mkdf-btn-solid"  >    <span class="mkdf-btn-text">Reserva</span>    </a>				</li>				
					</ul>
	</div>
</div></div></div>[/vc_column][/vc_row][vc_row][vc_column][vc_empty_space height=»15px»][/vc_column][/vc_row][vc_row][vc_column][vc_custom_heading text=»Disfruta de las experiencias de» font_container=»tag:h3|text_align:center» use_theme_fonts=»yes»][vc_single_image image=»113&#8243; img_size=»» alignment=»center» css_animation=»fadeIn»][/vc_column][/vc_row][vc_row][vc_column][vc_empty_space height=»15px»][/vc_column][/vc_row][/vc_section]</p>

<p>[vc_section][vc_row][vc_column][vc_column_text el_class=»text-enoturisme-informatiu»]Descubre lo que «Celler Vidbertus» tiene reservado para ti con las visitas de enoturismo. Una selección de productos de alta calidad y exclusividad para que disfrutes de un momento apasionado. Vinos únicos, elaborados con el máximo rigor y sensibilidad. [&hellip;]</p>

<!-- This site is optimized with the Yoast SEO plugin v19.11 - https://yoast.com/wordpress/plugins/seo/ -->
<title>Celler VidBertus , Enoturismo en la Conca de Barberà</title>
<meta name="description" content="En el &quot;Celler Vidbertus&quot; ofrecemos una experiencia familiar y única de enoturismo en Cataluña para mostrar la elaboración de nuestros vinos." />
<meta name="robots" content="index, follow, max-snippet:-1, max-image-preview:large, max-video-preview:-1" />
<link rel="canonical" href="https://vidbertus.com/es/enoturismo-catalunya/" />
<meta property="og:locale" content="es_ES" />
<meta property="og:type" content="article" />
<meta property="og:title" content="Celler VidBertus , Enoturismo en la Conca de Barberà" />
<meta property="og:description" content="En el &quot;Celler Vidbertus&quot; ofrecemos una experiencia familiar y única de enoturismo en Cataluña para mostrar la elaboración de nuestros vinos." />
<meta property="og:url" content="https://vidbertus.com/es/enoturismo-catalunya/" />
<meta property="og:site_name" content="Celler VidBertus" />
<meta property="article:modified_time" content="2022-11-08T17:05:54+00:00" />
<meta name="twitter:card" content="summary_large_image" />
<meta name="twitter:label1" content="Tiempo de lectura" />
	<meta name="twitter:data1" content="1 minuto" />
<script type="application/ld+json" class="yoast-schema-graph">{"@context":"https://schema.org","@graph":[{"@type":"WebPage","@id":"https://vidbertus.com/es/enoturismo-catalunya/","url":"https://vidbertus.com/es/enoturismo-catalunya/","name":"Celler VidBertus , Enoturismo en la Conca de Barberà","isPartOf":{"@id":"https://vidbertus.com/ca/#website"},"datePublished":"2019-04-02T09:34:24+00:00","dateModified":"2022-11-08T17:05:54+00:00","description":"En el \"Celler Vidbertus\" ofrecemos una experiencia familiar y única de enoturismo en Cataluña para mostrar la elaboración de nuestros vinos.","breadcrumb":{"@id":"https://vidbertus.com/es/enoturismo-catalunya/#breadcrumb"},"inLanguage":"es","potentialAction":[{"@type":"ReadAction","target":["https://vidbertus.com/es/enoturismo-catalunya/"]}]},{"@type":"BreadcrumbList","@id":"https://vidbertus.com/es/enoturismo-catalunya/#breadcrumb","itemListElement":[{"@type":"ListItem","position":1,"name":"Inici","item":"https://vidbertus.com/es/"},{"@type":"ListItem","position":2,"name":"Enoturismo"}]},{"@type":"WebSite","@id":"https://vidbertus.com/ca/#website","url":"https://vidbertus.com/ca/","name":"Celler VidBertus","description":"Trepat de la DO Conca de Barbera - Celler VidBertus","publisher":{"@id":"https://vidbertus.com/ca/#organization"},"potentialAction":[{"@type":"SearchAction","target":{"@type":"EntryPoint","urlTemplate":"https://vidbertus.com/ca/?s={search_term_string}"},"query-input":"required name=search_term_string"}],"inLanguage":"es"},{"@type":"Organization","@id":"https://vidbertus.com/ca/#organization","name":"VidBertus","url":"https://vidbertus.com/ca/","logo":{"@type":"ImageObject","inLanguage":"es","@id":"https://vidbertus.com/ca/#/schema/logo/image/","url":"https://vidbertus.com/wp-content/uploads/2019/12/favicon-vidbertus-04.png","contentUrl":"https://vidbertus.com/wp-content/uploads/2019/12/favicon-vidbertus-04.png","width":512,"height":512,"caption":"VidBertus"},"image":{"@id":"https://vidbertus.com/ca/#/schema/logo/image/"}}]}</script>
<!-- / Yoast SEO plugin. -->

Celler VidBertus , Enoturismo en la Conca de Barberà

En el "Celler Vidbertus" ofrecemos una experiencia familiar y única de enoturismo en Cataluña para mostrar la elaboración de nuestros vinos.
