{"id":1958,"date":"2022-09-08T10:53:10","date_gmt":"2022-09-08T08:53:10","guid":{"rendered":"https:\/\/vidbertus.com\/?page_id=1958"},"modified":"2022-11-21T10:53:45","modified_gmt":"2022-11-21T09:53:45","slug":"consentiment-per-al-tractament-de-dades","status":"publish","type":"page","link":"https:\/\/vidbertus.com\/ca\/consentiment-per-al-tractament-de-dades\/","title":{"rendered":"Consentiment per al tractament de dades"},"content":{"rendered":"<p>[vc_row][vc_column][vc_column_text]<strong>ALBERT ROVIRA SANCHEZ <\/strong>\u00e9s el Responsable del tractament de les dades personals de l\u2019Usuari i l\u2019informa que aquestes dades es tractaran de conformitat amb el que estableix el Reglament (UE) 2016\/679, de 27 d\u2019abril (GDPR), i la Llei Org\u00e0nica 3\/2018, de 5 de desembre (LOPDGDD), per la qual cosa se li facilita la seg\u00fcent informaci\u00f3 del tractament:<\/p>\n<p>&nbsp;<\/p>\n<p><strong>Finalitats i legitimaci\u00f3 del tractament<\/strong>: mantenir una relaci\u00f3 comercial (per inter\u00e8s leg\u00edtim del responsable, art. 6.1.f GDPR) i enviar comunicacions de productes o serveis (amb el consentiment de l\u2019interessat, art. 6.1.a GDPR).<\/p>\n<p>&nbsp;<\/p>\n<p><strong>Criteris de conservaci\u00f3 de les dades<\/strong>: es conservaran durant no m\u00e9s temps del necessari per mantenir la finalitat del tractament o mentre hi hagi prescripcions legals que en dictaminin la cust\u00f2dia i quan ja no sigui necessari per a aix\u00f2, se suprimiran amb mesures de seguretat adequades per garantir l\u2019anonimitzaci\u00f3 de les dades o la seva destrucci\u00f3 total.<\/p>\n<p>&nbsp;<\/p>\n<p><strong>Comunicaci\u00f3<\/strong> <strong>de<\/strong> <strong>les<\/strong> <strong>dades<\/strong>: no es comunicaran les dades a tercers, tret que sigui obligaci\u00f3 legal.<\/p>\n<p>&nbsp;<\/p>\n<h4>Drets que t\u00e9 l\u2019Usuari: Dret a retirar el consentiment en qualsevol moment. Dret d\u2019acc\u00e9s, rectificaci\u00f3, portabilitat i supressi\u00f3 de les seves dades i de limitaci\u00f3 o oposici\u00f3 al seu tractament. Dret a presentar una reclamaci\u00f3 davant l\u2019Autoritat de control (www.aepd.es) si considera que el tractament no s\u2019ajusta a la normativa vigent.<\/h4>\n<p>&nbsp;<\/p>\n<h3>Dades de contacte per exercir els seus drets:<\/h3>\n<p>ALBERT ROVIRA SANCHEZ. Carrer Anselm Clave 3 &#8211; 43440 L&#8217;Espluga de Francoli (Tarragona).<\/p>\n<p>E-mail: <a href=\"mailto:info@vidbertus.com\">info@vidbertus.com<\/a><\/p>\n<p>&nbsp;<\/p>\n<p>Per continuar, heu d\u2019acceptar que heu llegit i que esteu conforme amb la cl\u00e0usula anterior.[\/vc_column_text][\/vc_column][\/vc_row]<\/p>\n","protected":false},"excerpt":{"rendered":"<p>[vc_row][vc_column][vc_column_text]ALBERT ROVIRA SANCHEZ \u00e9s el Responsable del tractament de les dades personals de l\u2019Usuari i l\u2019informa que aquestes dades es tractaran de conformitat amb el que estableix el Reglament (UE) 2016\/679, de 27 d\u2019abril (GDPR), i la Llei Org\u00e0nica 3\/2018, [&hellip;]<\/p>\n","protected":false},"author":25,"featured_media":0,"parent":0,"menu_order":0,"comment_status":"closed","ping_status":"closed","template":"","meta":{"footnotes":""},"class_list":["post-1958","page","type-page","status-publish","hentry"],"yoast_head":"<!-- This site is optimized with the Yoast SEO plugin v19.11 - https:\/\/yoast.com\/wordpress\/plugins\/seo\/ -->\n<title>Consentiment per al tractament de dades - Celler VidBertus<\/title>\n<meta name=\"robots\" content=\"index, follow, max-snippet:-1, max-image-preview:large, max-video-preview:-1\" \/>\n<link rel=\"canonical\" href=\"https:\/\/vidbertus.com\/ca\/consentiment-per-al-tractament-de-dades\/\" \/>\n<meta property=\"og:locale\" content=\"ca_ES\" \/>\n<meta property=\"og:type\" content=\"article\" \/>\n<meta property=\"og:title\" content=\"Consentiment per al tractament de dades - Celler VidBertus\" \/>\n<meta property=\"og:description\" content=\"[vc_row][vc_column][vc_column_text]ALBERT ROVIRA SANCHEZ \u00e9s el Responsable del tractament de les dades personals de l\u2019Usuari i l\u2019informa que aquestes dades es tractaran de conformitat amb el que estableix el Reglament (UE) 2016\/679, de 27 d\u2019abril (GDPR), i la Llei Org\u00e0nica 3\/2018, [&hellip;]\" \/>\n<meta property=\"og:url\" content=\"https:\/\/vidbertus.com\/ca\/consentiment-per-al-tractament-de-dades\/\" \/>\n<meta property=\"og:site_name\" content=\"Celler VidBertus\" \/>\n<meta property=\"article:modified_time\" content=\"2022-11-21T09:53:45+00:00\" \/>\n<meta name=\"twitter:card\" content=\"summary_large_image\" \/>\n<meta name=\"twitter:label1\" content=\"Temps estimat de lectura\" \/>\n\t<meta name=\"twitter:data1\" content=\"2 minuts\" \/>\n<script type=\"application\/ld+json\" class=\"yoast-schema-graph\">{\"@context\":\"https:\/\/schema.org\",\"@graph\":[{\"@type\":\"WebPage\",\"@id\":\"https:\/\/vidbertus.com\/ca\/consentiment-per-al-tractament-de-dades\/\",\"url\":\"https:\/\/vidbertus.com\/ca\/consentiment-per-al-tractament-de-dades\/\",\"name\":\"Consentiment per al tractament de dades - Celler VidBertus\",\"isPartOf\":{\"@id\":\"https:\/\/vidbertus.com\/ca\/#website\"},\"datePublished\":\"2022-09-08T08:53:10+00:00\",\"dateModified\":\"2022-11-21T09:53:45+00:00\",\"breadcrumb\":{\"@id\":\"https:\/\/vidbertus.com\/ca\/consentiment-per-al-tractament-de-dades\/#breadcrumb\"},\"inLanguage\":\"ca\",\"potentialAction\":[{\"@type\":\"ReadAction\",\"target\":[\"https:\/\/vidbertus.com\/ca\/consentiment-per-al-tractament-de-dades\/\"]}]},{\"@type\":\"BreadcrumbList\",\"@id\":\"https:\/\/vidbertus.com\/ca\/consentiment-per-al-tractament-de-dades\/#breadcrumb\",\"itemListElement\":[{\"@type\":\"ListItem\",\"position\":1,\"name\":\"Inici\",\"item\":\"https:\/\/vidbertus.com\/ca\/\"},{\"@type\":\"ListItem\",\"position\":2,\"name\":\"Consentiment per al tractament de dades\"}]},{\"@type\":\"WebSite\",\"@id\":\"https:\/\/vidbertus.com\/ca\/#website\",\"url\":\"https:\/\/vidbertus.com\/ca\/\",\"name\":\"Celler VidBertus\",\"description\":\"Trepat de la DO Conca de Barbera - Celler VidBertus\",\"publisher\":{\"@id\":\"https:\/\/vidbertus.com\/ca\/#organization\"},\"potentialAction\":[{\"@type\":\"SearchAction\",\"target\":{\"@type\":\"EntryPoint\",\"urlTemplate\":\"https:\/\/vidbertus.com\/ca\/?s={search_term_string}\"},\"query-input\":\"required name=search_term_string\"}],\"inLanguage\":\"ca\"},{\"@type\":\"Organization\",\"@id\":\"https:\/\/vidbertus.com\/ca\/#organization\",\"name\":\"VidBertus\",\"url\":\"https:\/\/vidbertus.com\/ca\/\",\"logo\":{\"@type\":\"ImageObject\",\"inLanguage\":\"ca\",\"@id\":\"https:\/\/vidbertus.com\/ca\/#\/schema\/logo\/image\/\",\"url\":\"https:\/\/vidbertus.com\/wp-content\/uploads\/2019\/12\/favicon-vidbertus-04.png\",\"contentUrl\":\"https:\/\/vidbertus.com\/wp-content\/uploads\/2019\/12\/favicon-vidbertus-04.png\",\"width\":512,\"height\":512,\"caption\":\"VidBertus\"},\"image\":{\"@id\":\"https:\/\/vidbertus.com\/ca\/#\/schema\/logo\/image\/\"}}]}<\/script>\n<!-- \/ Yoast SEO plugin. -->","yoast_head_json":{"title":"Consentiment per al tractament de dades - Celler VidBertus","robots":{"index":"index","follow":"follow","max-snippet":"max-snippet:-1","max-image-preview":"max-image-preview:large","max-video-preview":"max-video-preview:-1"},"canonical":"https:\/\/vidbertus.com\/ca\/consentiment-per-al-tractament-de-dades\/","og_locale":"ca_ES","og_type":"article","og_title":"Consentiment per al tractament de dades - Celler VidBertus","og_description":"[vc_row][vc_column][vc_column_text]ALBERT ROVIRA SANCHEZ \u00e9s el Responsable del tractament de les dades personals de l\u2019Usuari i l\u2019informa que aquestes dades es tractaran de conformitat amb el que estableix el Reglament (UE) 2016\/679, de 27 d\u2019abril (GDPR), i la Llei Org\u00e0nica 3\/2018, [&hellip;]","og_url":"https:\/\/vidbertus.com\/ca\/consentiment-per-al-tractament-de-dades\/","og_site_name":"Celler VidBertus","article_modified_time":"2022-11-21T09:53:45+00:00","twitter_card":"summary_large_image","twitter_misc":{"Temps estimat de lectura":"2 minuts"},"schema":{"@context":"https:\/\/schema.org","@graph":[{"@type":"WebPage","@id":"https:\/\/vidbertus.com\/ca\/consentiment-per-al-tractament-de-dades\/","url":"https:\/\/vidbertus.com\/ca\/consentiment-per-al-tractament-de-dades\/","name":"Consentiment per al tractament de dades - Celler VidBertus","isPartOf":{"@id":"https:\/\/vidbertus.com\/ca\/#website"},"datePublished":"2022-09-08T08:53:10+00:00","dateModified":"2022-11-21T09:53:45+00:00","breadcrumb":{"@id":"https:\/\/vidbertus.com\/ca\/consentiment-per-al-tractament-de-dades\/#breadcrumb"},"inLanguage":"ca","potentialAction":[{"@type":"ReadAction","target":["https:\/\/vidbertus.com\/ca\/consentiment-per-al-tractament-de-dades\/"]}]},{"@type":"BreadcrumbList","@id":"https:\/\/vidbertus.com\/ca\/consentiment-per-al-tractament-de-dades\/#breadcrumb","itemListElement":[{"@type":"ListItem","position":1,"name":"Inici","item":"https:\/\/vidbertus.com\/ca\/"},{"@type":"ListItem","position":2,"name":"Consentiment per al tractament de dades"}]},{"@type":"WebSite","@id":"https:\/\/vidbertus.com\/ca\/#website","url":"https:\/\/vidbertus.com\/ca\/","name":"Celler VidBertus","description":"Trepat de la DO Conca de Barbera - Celler VidBertus","publisher":{"@id":"https:\/\/vidbertus.com\/ca\/#organization"},"potentialAction":[{"@type":"SearchAction","target":{"@type":"EntryPoint","urlTemplate":"https:\/\/vidbertus.com\/ca\/?s={search_term_string}"},"query-input":"required name=search_term_string"}],"inLanguage":"ca"},{"@type":"Organization","@id":"https:\/\/vidbertus.com\/ca\/#organization","name":"VidBertus","url":"https:\/\/vidbertus.com\/ca\/","logo":{"@type":"ImageObject","inLanguage":"ca","@id":"https:\/\/vidbertus.com\/ca\/#\/schema\/logo\/image\/","url":"https:\/\/vidbertus.com\/wp-content\/uploads\/2019\/12\/favicon-vidbertus-04.png","contentUrl":"https:\/\/vidbertus.com\/wp-content\/uploads\/2019\/12\/favicon-vidbertus-04.png","width":512,"height":512,"caption":"VidBertus"},"image":{"@id":"https:\/\/vidbertus.com\/ca\/#\/schema\/logo\/image\/"}}]}},"_links":{"self":[{"href":"https:\/\/vidbertus.com\/ca\/wp-json\/wp\/v2\/pages\/1958"}],"collection":[{"href":"https:\/\/vidbertus.com\/ca\/wp-json\/wp\/v2\/pages"}],"about":[{"href":"https:\/\/vidbertus.com\/ca\/wp-json\/wp\/v2\/types\/page"}],"author":[{"embeddable":true,"href":"https:\/\/vidbertus.com\/ca\/wp-json\/wp\/v2\/users\/25"}],"replies":[{"embeddable":true,"href":"https:\/\/vidbertus.com\/ca\/wp-json\/wp\/v2\/comments?post=1958"}],"version-history":[{"count":3,"href":"https:\/\/vidbertus.com\/ca\/wp-json\/wp\/v2\/pages\/1958\/revisions"}],"predecessor-version":[{"id":1983,"href":"https:\/\/vidbertus.com\/ca\/wp-json\/wp\/v2\/pages\/1958\/revisions\/1983"}],"wp:attachment":[{"href":"https:\/\/vidbertus.com\/ca\/wp-json\/wp\/v2\/media?parent=1958"}],"curies":[{"name":"wp","href":"https:\/\/api.w.org\/{rel}","templated":true}]}}

<p>[vc_row][vc_column][vc_column_text]<strong>ALBERT ROVIRA SANCHEZ </strong>és el Responsable del tractament de les dades personals de l’Usuari i l’informa que aquestes dades es tractaran de conformitat amb el que estableix el Reglament (UE) 2016/679, de 27 d’abril (GDPR), i la Llei Orgànica 3/2018, de 5 de desembre (LOPDGDD), per la qual cosa se li facilita la següent informació del tractament:</p>
<p>&nbsp;</p>
<p><strong>Finalitats i legitimació del tractament</strong>: mantenir una relació comercial (per interès legítim del responsable, art. 6.1.f GDPR) i enviar comunicacions de productes o serveis (amb el consentiment de l’interessat, art. 6.1.a GDPR).</p>
<p>&nbsp;</p>
<p><strong>Criteris de conservació de les dades</strong>: es conservaran durant no més temps del necessari per mantenir la finalitat del tractament o mentre hi hagi prescripcions legals que en dictaminin la custòdia i quan ja no sigui necessari per a això, se suprimiran amb mesures de seguretat adequades per garantir l’anonimització de les dades o la seva destrucció total.</p>
<p>&nbsp;</p>
<p><strong>Comunicació</strong> <strong>de</strong> <strong>les</strong> <strong>dades</strong>: no es comunicaran les dades a tercers, tret que sigui obligació legal.</p>
<p>&nbsp;</p>
<h4>Drets que té l’Usuari: Dret a retirar el consentiment en qualsevol moment. Dret d’accés, rectificació, portabilitat i supressió de les seves dades i de limitació o oposició al seu tractament. Dret a presentar una reclamació davant l’Autoritat de control (www.aepd.es) si considera que el tractament no s’ajusta a la normativa vigent.</h4>
<p>&nbsp;</p>
<h3>Dades de contacte per exercir els seus drets:</h3>
<p>ALBERT ROVIRA SANCHEZ. Carrer Anselm Clave 3 &#8211; 43440 L&#8217;Espluga de Francoli (Tarragona).</p>
<p>E-mail: <a href="mailto:info@vidbertus.com">info@vidbertus.com</a></p>
<p>&nbsp;</p>
<p>Per continuar, heu d’acceptar que heu llegit i que esteu conforme amb la clàusula anterior.[/vc_column_text][/vc_column][/vc_row]</p>

<p>[vc_row][vc_column][vc_column_text]ALBERT ROVIRA SANCHEZ és el Responsable del tractament de les dades personals de l’Usuari i l’informa que aquestes dades es tractaran de conformitat amb el que estableix el Reglament (UE) 2016/679, de 27 d’abril (GDPR), i la Llei Orgànica 3/2018, [&hellip;]</p>

<!-- This site is optimized with the Yoast SEO plugin v19.11 - https://yoast.com/wordpress/plugins/seo/ -->
<title>Consentiment per al tractament de dades - Celler VidBertus</title>
<meta name="robots" content="index, follow, max-snippet:-1, max-image-preview:large, max-video-preview:-1" />
<link rel="canonical" href="https://vidbertus.com/ca/consentiment-per-al-tractament-de-dades/" />
<meta property="og:locale" content="ca_ES" />
<meta property="og:type" content="article" />
<meta property="og:title" content="Consentiment per al tractament de dades - Celler VidBertus" />
<meta property="og:description" content="[vc_row][vc_column][vc_column_text]ALBERT ROVIRA SANCHEZ és el Responsable del tractament de les dades personals de l’Usuari i l’informa que aquestes dades es tractaran de conformitat amb el que estableix el Reglament (UE) 2016/679, de 27 d’abril (GDPR), i la Llei Orgànica 3/2018, [&hellip;]" />
<meta property="og:url" content="https://vidbertus.com/ca/consentiment-per-al-tractament-de-dades/" />
<meta property="og:site_name" content="Celler VidBertus" />
<meta property="article:modified_time" content="2022-11-21T09:53:45+00:00" />
<meta name="twitter:card" content="summary_large_image" />
<meta name="twitter:label1" content="Temps estimat de lectura" />
	<meta name="twitter:data1" content="2 minuts" />
<script type="application/ld+json" class="yoast-schema-graph">{"@context":"https://schema.org","@graph":[{"@type":"WebPage","@id":"https://vidbertus.com/ca/consentiment-per-al-tractament-de-dades/","url":"https://vidbertus.com/ca/consentiment-per-al-tractament-de-dades/","name":"Consentiment per al tractament de dades - Celler VidBertus","isPartOf":{"@id":"https://vidbertus.com/ca/#website"},"datePublished":"2022-09-08T08:53:10+00:00","dateModified":"2022-11-21T09:53:45+00:00","breadcrumb":{"@id":"https://vidbertus.com/ca/consentiment-per-al-tractament-de-dades/#breadcrumb"},"inLanguage":"ca","potentialAction":[{"@type":"ReadAction","target":["https://vidbertus.com/ca/consentiment-per-al-tractament-de-dades/"]}]},{"@type":"BreadcrumbList","@id":"https://vidbertus.com/ca/consentiment-per-al-tractament-de-dades/#breadcrumb","itemListElement":[{"@type":"ListItem","position":1,"name":"Inici","item":"https://vidbertus.com/ca/"},{"@type":"ListItem","position":2,"name":"Consentiment per al tractament de dades"}]},{"@type":"WebSite","@id":"https://vidbertus.com/ca/#website","url":"https://vidbertus.com/ca/","name":"Celler VidBertus","description":"Trepat de la DO Conca de Barbera - Celler VidBertus","publisher":{"@id":"https://vidbertus.com/ca/#organization"},"potentialAction":[{"@type":"SearchAction","target":{"@type":"EntryPoint","urlTemplate":"https://vidbertus.com/ca/?s={search_term_string}"},"query-input":"required name=search_term_string"}],"inLanguage":"ca"},{"@type":"Organization","@id":"https://vidbertus.com/ca/#organization","name":"VidBertus","url":"https://vidbertus.com/ca/","logo":{"@type":"ImageObject","inLanguage":"ca","@id":"https://vidbertus.com/ca/#/schema/logo/image/","url":"https://vidbertus.com/wp-content/uploads/2019/12/favicon-vidbertus-04.png","contentUrl":"https://vidbertus.com/wp-content/uploads/2019/12/favicon-vidbertus-04.png","width":512,"height":512,"caption":"VidBertus"},"image":{"@id":"https://vidbertus.com/ca/#/schema/logo/image/"}}]}</script>
<!-- / Yoast SEO plugin. -->

[vc_row][vc_column][vc_column_text]ALBERT ROVIRA SANCHEZ és el Responsable del tractament de les dades personals de l’Usuari i l’informa que aquestes dades es tractaran de conformitat amb el que estableix el Reglament (UE) 2016/679, de 27 d’abril (GDPR), i la Llei Orgànica 3/2018, [&hellip;]
